{"id":7858,"date":"2021-05-12T09:53:29","date_gmt":"2021-05-12T07:53:29","guid":{"rendered":"https:\/\/www.atout-org.com\/?page_id=7858"},"modified":"2024-03-07T12:00:39","modified_gmt":"2024-03-07T11:00:39","slug":"get-a-quote","status":"publish","type":"page","link":"https:\/\/www.atout-org.com\/index.php\/en\/get-a-quote\/","title":{"rendered":"Get a quote"},"content":{"rendered":"<section class=\"l-section wpb_row height_large color_primary with_img\"><div class=\"l-section-img\" style=\"background-image: url(https:\/\/www.atout-org.com\/aos2018\/wp-content\/uploads\/2019\/02\/conta.jpg);\" data-img-width=\"1800\" data-img-height=\"1200\"><\/div><div class=\"l-section-h i-cf\"><div class=\"g-cols vc_row type_default valign_top\"><div class=\"vc_col-sm-12 wpb_column vc_column_container\"><div class=\"vc_column-inner\"><div class=\"wpb_wrapper\">[vc_custom_heading text=&#8221;<strong>Get a Quote<\/strong>&#8221; font_container=&#8221;tag:h1|font_size:60|text_align:center&#8221; use_theme_fonts=&#8221;yes&#8221;]<div class=\"w-iconbox iconpos_top style_default color_custom align_center no_title no_text\"><div class=\"w-iconbox-icon\" style=\"color:#ffffff;\"><i class=\"fas fa-chevron-down\"><\/i><\/div><div class=\"w-iconbox-meta\"><\/div><\/div><\/div><\/div><\/div><\/div><\/div><\/section><section class=\"l-section wpb_row height_medium\"><div class=\"l-section-h i-cf\"><div class=\"g-cols vc_row type_default valign_top gap-10px\"><style>.g-cols.gap-10px{margin:0 calc(-1.5rem - 10px)}.gap-10px > .vc_column_container {padding:10px}<\/style><div class=\"vc_col-sm-6 wpb_column vc_column_container\"><div class=\"vc_column-inner\"><div class=\"wpb_wrapper\"><div class=\"w-tabs style_default switch_click accordion type_togglable title_atleft icon_chevron iconpos_right \"><div class=\"w-tabs-list items_2\"><div class=\"w-tabs-list-h\"><div class=\"w-tabs-item active defined-active\"><div class=\"w-tabs-item-h\"><span class=\"w-tabs-item-title\">Marseille<\/span><\/div><\/div><div class=\"w-tabs-item\"><div class=\"w-tabs-item-h\"><span class=\"w-tabs-item-title\">Paris<\/span><\/div><\/div><\/div><\/div><div class=\"w-tabs-sections\"><div class=\"w-tabs-sections-h\"><div class=\"w-tabs-section active\" id=\"1634913168716-ad1611d3-faf8\"><a href=\"#1634913168716-ad1611d3-faf8\" class=\"w-tabs-section-header\"><div class=\"w-tabs-section-header-h\"><div class=\"w-tabs-section-title\">Marseille<\/div><div class=\"w-tabs-section-control\"><\/div><\/div><\/a><div class=\"w-tabs-section-content\"><div class=\"w-tabs-section-content-h i-cf\"><div class=\"w-iconbox iconpos_left style_circle color_primary align_left no_text\"><a class=\"w-iconbox-link\" href=\"mailto:aos@atout-org.com\" aria-label=\"aos@aoscongres.com\"><div class=\"w-iconbox-icon\" style=\"font-size:15px;\"><i class=\"fas fa-envelope\"><\/i><\/div><\/a><div class=\"w-iconbox-meta\"><a class=\"w-iconbox-link\" href=\"mailto:aos@atout-org.com\" aria-label=\"aos@aoscongres.com\"><h5 class=\"w-iconbox-title\">aos@aoscongres.com<\/h5><\/a><\/div><\/div><div class=\"w-separator size_small\"><\/div><div class=\"w-iconbox iconpos_left style_circle color_primary align_left no_text\"><div class=\"w-iconbox-icon\" style=\"font-size:15px;\"><i class=\"fas fa-phone\"><\/i><\/div><div class=\"w-iconbox-meta\"><h5 class=\"w-iconbox-title\">+33(0)4 96 15 12 50<\/h5><\/div><\/div><div class=\"w-separator size_small\"><\/div><div class=\"w-iconbox iconpos_left style_circle color_primary align_left no_text\"><div class=\"w-iconbox-icon\" style=\"font-size:15px;\"><i class=\"fas fa-map-marker-alt\"><\/i><\/div><div class=\"w-iconbox-meta\"><h5 class=\"w-iconbox-title\">Village d'entreprises de Saint-Henri B\u00e2t. 24 6, rue Anne Gacon 13016 Marseille<\/h5><\/div><\/div><div class=\"w-separator size_small\"><\/div><div class=\"w-map provider_osm us_map_1\" id=\"us_map_1\" style=\"height:340px;\"><div class=\"w-map-json\" onclick='return {&quot;address&quot;:&quot;43.363826, 5.332619&quot;,&quot;markers&quot;:[{&quot;address&quot;:&quot;43.363826, 5.332619&quot;,&quot;html&quot;:&quot;AOS&quot;,&quot;infowindow&quot;:false}],&quot;zoom&quot;:14,&quot;height&quot;:&quot;340&quot;,&quot;style&quot;:&quot;https:\\\/\\\/{s}.tile.openstreetmap.org\\\/{z}\\\/{x}\\\/{y}.png&quot;}'><\/div><\/div><\/div><\/div><\/div><div class=\"w-tabs-section\" id=\"1634913168740-28c78573-6f50\"><a href=\"#1634913168740-28c78573-6f50\" class=\"w-tabs-section-header\"><div class=\"w-tabs-section-header-h\"><div class=\"w-tabs-section-title\">Paris<\/div><div class=\"w-tabs-section-control\"><\/div><\/div><\/a><div class=\"w-tabs-section-content\"><div class=\"w-tabs-section-content-h i-cf\"><div class=\"w-iconbox iconpos_left style_circle color_primary align_left no_text\"><a class=\"w-iconbox-link\" href=\"mailto:aos@atout-org.com\" aria-label=\"aos@aoscongres.com\"><div class=\"w-iconbox-icon\" style=\"font-size:15px;\"><i class=\"fas fa-envelope\"><\/i><\/div><\/a><div class=\"w-iconbox-meta\"><a class=\"w-iconbox-link\" href=\"mailto:aos@atout-org.com\" aria-label=\"aos@aoscongres.com\"><h5 class=\"w-iconbox-title\">aos@aoscongres.com<\/h5><\/a><\/div><\/div><div class=\"w-separator size_small\"><\/div><div class=\"w-iconbox iconpos_left style_circle color_primary align_left no_text\"><div class=\"w-iconbox-icon\" style=\"font-size:15px;\"><i class=\"fas fa-phone\"><\/i><\/div><div class=\"w-iconbox-meta\"><h5 class=\"w-iconbox-title\">+33(0)1 49 97 88 32<\/h5><\/div><\/div><div class=\"w-separator size_small\"><\/div><div class=\"w-iconbox iconpos_left style_circle color_primary align_left no_text\"><div class=\"w-iconbox-icon\" style=\"font-size:15px;\"><i class=\"fas fa-map-marker-alt\"><\/i><\/div><div class=\"w-iconbox-meta\"><h5 class=\"w-iconbox-title\">12 \u00e0 14 bis, avenue du G\u00e9n\u00e9ral Gallieni 92000 Nanterre<\/h5><\/div><\/div><div class=\"w-separator size_small\"><\/div><div class=\"w-map provider_osm us_map_2\" id=\"us_map_2\" style=\"height:340px;\"><div class=\"w-map-json\" onclick='return {&quot;address&quot;:&quot;48.897370, 2.198008&quot;,&quot;markers&quot;:[{&quot;address&quot;:&quot;48.897370, 2.198008&quot;,&quot;html&quot;:&quot;AOS&quot;,&quot;infowindow&quot;:false}],&quot;zoom&quot;:14,&quot;height&quot;:&quot;340&quot;,&quot;style&quot;:&quot;https:\\\/\\\/{s}.tile.openstreetmap.org\\\/{z}\\\/{x}\\\/{y}.png&quot;}'><\/div><\/div><\/div><\/div><\/div><\/div><\/div><\/div><\/div><\/div><\/div><div class=\"vc_col-sm-6 wpb_column vc_column_container\"><div class=\"vc_column-inner\"><div class=\"wpb_wrapper\">\r\n\t<div class=\"wpb_text_column \">\r\n\t\t<div class=\"wpb_wrapper\">\r\n\t\t\t<h4>Get a Quote in <strong>Just a Few Clicks<\/strong><\/h4>\n<div>Have a question?<\/div>\n<div>Want to meet us?<\/div>\n<div>Fill out the form so we can better answer your questions.<\/div>\n\r\n\t\t<\/div>\r\n\t<\/div>\r\n<div class=\"w-separator size_small\"><\/div>\n<div class=\"wpcf7 no-js\" id=\"wpcf7-f7885-o1\" lang=\"fr-FR\" dir=\"ltr\">\n<div class=\"screen-reader-response\"><p role=\"status\" aria-live=\"polite\" aria-atomic=\"true\"><\/p> <ul><\/ul><\/div>\n<form action=\"\/index.php\/wp-json\/wp\/v2\/pages\/7858#wpcf7-f7885-o1\" method=\"post\" class=\"wpcf7-form init\" aria-label=\"Formulaire de contact\" novalidate=\"novalidate\" data-status=\"init\">\n<div style=\"display: none;\">\n<input type=\"hidden\" name=\"_wpcf7\" value=\"7885\" \/>\n<input type=\"hidden\" name=\"_wpcf7_version\" value=\"5.7.7\" \/>\n<input type=\"hidden\" name=\"_wpcf7_locale\" value=\"fr_FR\" \/>\n<input type=\"hidden\" name=\"_wpcf7_unit_tag\" value=\"wpcf7-f7885-o1\" \/>\n<input type=\"hidden\" name=\"_wpcf7_container_post\" value=\"0\" \/>\n<input type=\"hidden\" name=\"_wpcf7_posted_data_hash\" value=\"\" \/>\n<input type=\"hidden\" name=\"_wpcf7_recaptcha_response\" value=\"\" \/>\n<\/div>\n<p><label> Name\/First Name<br \/>\n<span class=\"wpcf7-form-control-wrap\" data-name=\"your-name\"><input size=\"40\" class=\"wpcf7-form-control wpcf7-text wpcf7-validates-as-required\" aria-required=\"true\" aria-invalid=\"false\" value=\"\" type=\"text\" name=\"your-name\" \/><\/span> <\/label>\n<\/p>\n<p><label> Company\/Organization<br \/>\n<span class=\"wpcf7-form-control-wrap\" data-name=\"your-subject\"><input size=\"40\" class=\"wpcf7-form-control wpcf7-text wpcf7-validates-as-required\" aria-required=\"true\" aria-invalid=\"false\" value=\"\" type=\"text\" name=\"your-subject\" \/><\/span> <\/label>\n<\/p>\n<p><label> Position<br \/>\n<span class=\"wpcf7-form-control-wrap\" data-name=\"your-subject\"><input size=\"40\" class=\"wpcf7-form-control wpcf7-text wpcf7-validates-as-required\" aria-required=\"true\" aria-invalid=\"false\" value=\"\" type=\"text\" name=\"your-subject\" \/><\/span> <\/label>\n<\/p>\n<p><label> Email Address<br \/>\n<span class=\"wpcf7-form-control-wrap\" data-name=\"your-email\"><input size=\"40\" class=\"wpcf7-form-control wpcf7-text wpcf7-email wpcf7-validates-as-required wpcf7-validates-as-email\" aria-required=\"true\" aria-invalid=\"false\" value=\"\" type=\"email\" name=\"your-email\" \/><\/span> <\/label>\n<\/p>\n<p><label> Phone Number<br \/>\n<span class=\"wpcf7-form-control-wrap\" data-name=\"Telephone\"><input size=\"40\" class=\"wpcf7-form-control wpcf7-text wpcf7-tel wpcf7-validates-as-required wpcf7-validates-as-tel\" aria-required=\"true\" aria-invalid=\"false\" value=\"\" type=\"tel\" name=\"Telephone\" \/><\/span> <\/label>\n<\/p>\n<use_label_element> Type(s) of Event(s)\n\t<p><span class=\"wpcf7-form-control-wrap\" data-name=\"evenement\"><select class=\"wpcf7-form-control wpcf7-select wpcf7-validates-as-required\" aria-required=\"true\" aria-invalid=\"false\" multiple=\"multiple\" name=\"evenement[]\"><option value=\"Congress\">Congress<\/option><option value=\"Seminars\">Seminars<\/option><option value=\"Trade Show\">Trade Show<\/option><option value=\"Symposium\">Symposium<\/option><option value=\"Meeting (internal and\/or external)\">Meeting (internal and\/or external)<\/option><option value=\"Team Building\">Team Building<\/option><option value=\"Other\">Other<\/option><\/select><\/span>\n\t<\/p>\n<\/use_label_element>\n<use_label_element> Virtual or Hybrid\n\t<p><span class=\"wpcf7-form-control-wrap\" data-name=\"VoH\"><span class=\"wpcf7-form-control wpcf7-checkbox wpcf7-exclusive-checkbox\"><span class=\"wpcf7-list-item first\"><input type=\"checkbox\" name=\"VoH\" value=\"Virtual\" \/><span class=\"wpcf7-list-item-label\">Virtual<\/span><\/span><span class=\"wpcf7-list-item last\"><input type=\"checkbox\" name=\"VoH\" value=\"Hybrid\" \/><span class=\"wpcf7-list-item-label\">Hybrid<\/span><\/span><\/span><\/span>\n\t<\/p>\n<\/use_label_element>\n<use_label_element> Desired Space(s)\n\t<p><span class=\"wpcf7-form-control-wrap\" data-name=\"Espacessouhaites\"><select class=\"wpcf7-form-control wpcf7-select wpcf7-validates-as-required\" aria-required=\"true\" aria-invalid=\"false\" multiple=\"multiple\" name=\"Espacessouhaites[]\"><option value=\"Auditorium\">Auditorium<\/option><option value=\"Workshop\">Workshop<\/option><option value=\"Experts Area\">Experts Area<\/option><option value=\"Speed Business Meeting\">Speed Business Meeting<\/option><option value=\"E-posters Area\">E-posters Area<\/option><option value=\"Exhibition Space\">Exhibition Space<\/option><\/select><\/span>\n\t<\/p>\n<\/use_label_element>\n<p><label> Date(s) \/ number of day(s)<br \/>\n<span class=\"wpcf7-form-control-wrap\" data-name=\"nbrjour\"><input size=\"40\" class=\"wpcf7-form-control wpcf7-text\" aria-invalid=\"false\" value=\"\" type=\"text\" name=\"nbrjour\" \/><\/span> <\/label>\n<\/p>\n<p><label> Number of Participants (audience)<br \/>\n<span class=\"wpcf7-form-control-wrap\" data-name=\"nbrparticipant\"><input size=\"40\" class=\"wpcf7-form-control wpcf7-text\" aria-invalid=\"false\" value=\"\" type=\"text\" name=\"nbrparticipant\" \/><\/span> <\/label>\n<\/p>\n<p><label> Number of Speakers<br \/>\n<span class=\"wpcf7-form-control-wrap\" data-name=\"nbrintervenant\"><input size=\"40\" class=\"wpcf7-form-control wpcf7-text\" aria-invalid=\"false\" value=\"\" type=\"text\" name=\"nbrintervenant\" \/><\/span> <\/label>\n<\/p>\n<p><label> Please provide details of your request so that we can perfectly meet your expectations.<br \/>\n<span class=\"wpcf7-form-control-wrap\" data-name=\"your-message\"><textarea cols=\"40\" rows=\"10\" class=\"wpcf7-form-control wpcf7-textarea\" aria-invalid=\"false\" name=\"your-message\"><\/textarea><\/span> <\/label>\n<\/p>\n<use_label_element> How did you hear about us?\n\t<p><span class=\"wpcf7-form-control-wrap\" data-name=\"connu\"><select class=\"wpcf7-form-control wpcf7-select\" aria-invalid=\"false\" multiple=\"multiple\" name=\"connu[]\"><option value=\"Social Media\">Social Media<\/option><option value=\"Word of Mouth\">Word of Mouth<\/option><option value=\"Event(s)\">Event(s)<\/option><option value=\"Email Invitation\">Email Invitation<\/option><option value=\"Search Engine\">Search Engine<\/option><option value=\"Press Article\">Press Article<\/option><option value=\"Other\">Other<\/option><\/select><\/span>\n\t<\/p>\n<\/use_label_element>\n<p><input class=\"wpcf7-form-control has-spinner wpcf7-submit\" type=\"submit\" value=\"Send\" \/>\n<\/p><div class=\"wpcf7-response-output\" aria-hidden=\"true\"><\/div>\n<\/form>\n<\/div>\n<\/div><\/div><\/div><\/div><\/div><\/section>\n","protected":false},"excerpt":{"rendered":"[vc_custom_heading text=\"Get a Quote\" font_container=\"tag:h1|font_size:60|text_align:center\" use_theme_fonts=\"yes\"].g-cols.gap-10px{margin:0 calc(-1.5rem - 10px)}.gap-10px > .vc_column_container {padding:10px}MarseilleParisMarseilleaos@aoscongres.com+33(0)4 96 15 12 50Village d'entreprises de Saint-Henri B\u00e2t. 24 6, rue Anne Gacon 13016 MarseilleParisaos@aoscongres.com+33(0)1 49 97 88 3212 \u00e0 14 bis, avenue du G\u00e9n\u00e9ral Gallieni 92000 Nanterre Get a Quote in Just a Few Clicks Have a question? Want to meet us?...","protected":false},"author":1,"featured_media":0,"parent":0,"menu_order":0,"comment_status":"closed","ping_status":"closed","template":"","meta":{"om_disable_all_campaigns":false,"_monsterinsights_skip_tracking":false,"_monsterinsights_sitenote_active":false,"_monsterinsights_sitenote_note":"","_monsterinsights_sitenote_category":0},"aioseo_notices":[],"_links":{"self":[{"href":"https:\/\/www.atout-org.com\/index.php\/wp-json\/wp\/v2\/pages\/7858"}],"collection":[{"href":"https:\/\/www.atout-org.com\/index.php\/wp-json\/wp\/v2\/pages"}],"about":[{"href":"https:\/\/www.atout-org.com\/index.php\/wp-json\/wp\/v2\/types\/page"}],"author":[{"embeddable":true,"href":"https:\/\/www.atout-org.com\/index.php\/wp-json\/wp\/v2\/users\/1"}],"replies":[{"embeddable":true,"href":"https:\/\/www.atout-org.com\/index.php\/wp-json\/wp\/v2\/comments?post=7858"}],"version-history":[{"count":5,"href":"https:\/\/www.atout-org.com\/index.php\/wp-json\/wp\/v2\/pages\/7858\/revisions"}],"predecessor-version":[{"id":7997,"href":"https:\/\/www.atout-org.com\/index.php\/wp-json\/wp\/v2\/pages\/7858\/revisions\/7997"}],"wp:attachment":[{"href":"https:\/\/www.atout-org.com\/index.php\/wp-json\/wp\/v2\/media?parent=7858"}],"curies":[{"name":"wp","href":"https:\/\/api.w.org\/{rel}","templated":true}]}}